 2*x**2 - 10*x + 4. Let o be t(5). Suppose 0 = o*l - 783 - 321. Let g = l + -146. What is the tens digit of g?
3
Let d(r) = r**3 + 17*r**2 + 15*r - 2. Let y be d(-16). Let m be y/(4 + -2)*1. Let t(n) = n**3 - 8*n**2 + 15*n + 9. What is the tens digit of t(m)?
6
Let f(r) = 636*r + 13754. What is the ten thousands digit of f(0)?
1
Let a be (-1)/6 - 4/((-96)/700). Suppose -11 = -8*p + a. Suppose -p*r + 43 = -702. What is the hundreds digit of r?
1
Let x(z) = 4*z**3 - 3*z**2 - 95*z + 494. What is the tens digit of x(19)?
4
Suppose 16*n - 4*n + 168 = 0. Let g = n + 115. What is the hundreds digit of g?
1
Let r = -34013 - -57156. What is the tens digit of r?
4
Suppose -4*m = 5*u + 137, 4*u + 0*m = m - 118. Let s = u - -855. What is the tens digit of s?
2
Let g(z) = 13*z**3 - 13*z**2 + 12*z - 8. Let q be g(6). Let n = q + -1671. What is the units digit of n?
3
Let a be ((-75)/(-20) + 3)*-12. Let h = -79 - a. Suppose 0 = 3*b - 0*b + h*j - 298, 99 = b + j. What is the tens digit of b?
0
Suppose 423004 - 74686 = 37*y. What is the thousands digit of y?
9
Let p(d) = -75*d - 1830. What is the units digit of p(-33)?
5
Suppose 4*u = 16, 35*u - 38*u + 32158 = 2*o. What is the hundreds digit of o?
0
Let v = 1916 - -1816. What is the tens digit of v?
3
Let r = -1242 + 629. Let n = r + 237. What is the units digit of n/(-12) - (-1)/(-3)?
1
Let p be 24/(-4) - -4 - -8. Let g(d) = -2 + 2*d**3 + 12*d**2 - p*d**2 + 12*d + 3*d**2 - 3*d**3. What is the tens digit of g(10)?
1
Let b(v) = 16*v**2 - 11*v + 11. Let d be b(1). Suppose -918 = -d*f + 10*f. What is the hundreds digit of f?
1
Suppose 3*t - 3*h = 2*t - 71, -5*t - 2*h = 270. Let a = -53 - t. Suppose -a*r - 2*x + 50 + 114 = 0, 3*x + 73 = r. What is the units digit of r?
8
Suppose m - 15678 = -3*p, -12532 = -3*p - 3*m + 3140. What is the units digit of p?
7
Suppose 18*n = 11894 + 26806. Suppose n = 5*f - 520. What is the units digit of f?
4
Suppose -22*v + 4*v - 29*v = 7708. Let h = 72 + -142. What is the hundreds digit of h/(-7)*v/(-10)?
1
Let n = 37165 + -17556. What is the units digit of n?
9
Let d = 44321 + -15778. What is the units digit of d?
3
Let s(g) = -2*g - 36. Let w be s(-23). Suppose 0*h + 2*h - w = 0. What is the tens digit of ((-10)/(-30))/((h/48)/5)?
1
Let w(v) = -36*v - 28. Let y(z) = -1. Let j(r) = -2*w(r) + 88*y(r). What is the tens digit of j(4)?
5
Let r = -41 - -44. Suppose 4*b - 5 = r. Suppose b*s = 3*s - 19. What is the tens digit of s?
1
Suppose -2*y = 4*t - 172, 2*y + 3*t + 10 = 185. Let w = y - 409. Let n = -177 - w. What is the units digit of n?
0
Suppose 36857 = 8*s + 1305. What is the hundreds digit of s?
4
Suppose n = -3*t + 757, -4*n + 678 + 2341 = 3*t. Suppose -8*s + 2922 - n = 0. What is the tens digit of s?
7
Suppose 5*t - 274 = r, 0*r = -3*t + 5*r + 160. Let p = -53 + t. Suppose 344 = -p*u + 4*u. What is the units digit of u?
2
Let g(d) = -d**3 - 5*d**2 + 6*d + 34. Let l be g(-5). Suppose 3*r - l*c = -2198 + 8312, 3*r + 5*c = 6087. What is the thousands digit of r?
2
Suppose 0 = -4*t - t + 25. Suppose -8*g + 7*g = -t. Suppose -g*l = -16 - 59. What is the units digit of l?
5
Let j = 7705 - 3923. Suppose 4*d + 4*z = 5036, j = -3*d + 6*d - 2*z. What is the units digit of d?
0
Let g(y) = -26*y - 305. What is the hundreds digit of g(-37)?
6
Let f be (6*(-4)/8)/((-18)/(-120)). What is the tens digit of 12/f + 3384/40?
8
Let v be (-6)/8 + 0 - (-957)/12. Let b = -77 + v. Let u = b - -158. What is the tens digit of u?
6
Let v be (128/24)/(4/(-6)). What is the hundreds digit of (v/(-10))/(2/750)?
3
What is the units digit of 38/(-19) + 14335 + -9?
4
Let n be (0 + -3)*1 + 5. Let c(j) = 13*j**3 + 2*j**2 - 1. Let r be c(1). Suppose -n*w = -86 + r. What is the units digit of w?
6
Suppose 3646 = -3*f + 173905. What is the units digit of f?
3
Suppose -52*l - 190683 - 121830 = -125*l. What is the hundreds digit of l?
2
Suppose -7*b = 4*q - 2*b - 2298, 0 = 2*q - b - 1156. Let p = -73 + q. What is the tens digit of p?
0
Suppose -2*r + 3*s + 27543 = 0, -7*r + 9*s - 11*s = -96388. What is the tens digit of r?
7
What is the thousands digit of -8*(-6)/(-36)*(-6936 - 0)?
9
What is the thousands digit of (-2)/(-3) + 868112/168?
5
Suppose -46 = -3*x - 4*t, -5*x + t - 2*t + 54 = 0. Let p = -42 + x. What is the units digit of (-1)/(-4) - 7480/p?
4
Let x(u) = -u**3 + 9*u**2 - 7*u + 2. Let s = 4 - -3. Let v be x(s). Suppose v = -2*z + 3*z. What is the tens digit of z?
5
Let k(l) = -3*l**2 - 7*l + 35. Let q(i) = 2*i**2 + 6*i - 33. Let n(o) = -3*k(o) - 4*q(o). What is the units digit of n(22)?
5
Suppose 4*l = 3*k + 2606, 3*l + 169*k - 165*k = 1992. What is the hundreds digit of l?
6
Suppose -141 + 138 = 3*h. What is the units digit of (((-540)/8)/(-5))/(h/(-42))?
7
Let z(m) = -26*m - 232. Let w be z(-9). Let v(k) = k**3 - 3*k**2 + 2*k. Let r be v(2). What is the tens digit of (w/(-4) - r)/((-7)/1344)?
9
Let a be -3 - (-32)/(-12)*579. Let j = -783 - a. What is the units digit of j?
4
Suppose -2*w + 200 = 4*d - 0*d, 5*w - 514 = -3*d. Suppose 107*g - w*g = 15. Suppose 0 = -k - 3*r + 11 + 3, -4*r + 37 = g*k. What is the units digit of k?
5
What is the tens digit of 174*1002*(-17)/(-306)?
8
Suppose -2*g + 70 = 5*y, -g + 9 = -3*y - 4. Let o be (-10)/(-10)*(g - 0). Let i = o - -19. What is the tens digit of i?
4
Let c = -1378 - -593. Let y be 3/(15/c)*3. What is the tens digit of -1 + (y/(-3) - (2 + 0))?
5
Let w(u) = 4598*u - 2819. What is the units digit of w(4)?
3
Suppose -35*u + 338 = -33*u. Let z = u - 102. Let g = z - -29. What is the tens digit of g?
9
Let z(a) = -a**2 + 21*a - 20. Let m be z(20). Suppose m = -c + 27 + 123. What is the tens digit of c?
5
What is the thousands digit of (-4)/(-6) - 884117/(-141)?
6
Suppose -65*p - 3*s - 107607 = -67*p, -5*s = 2*p - 107647. What is the thousands digit of p?
3
Suppose -4*h - 1884 = -4*m, 934 = 189*m - 187*m + 2*h. Let d(c) = -c**3 + 6*c**2 + 3*c - 6. Let a be d(-5). Let x = m - a. What is the tens digit of x?
1
Suppose 145*x - 20*x = 1671252 - 475627. What is the units digit of x?
5
Let h = -436 + 440. Suppose 5*t = -5*x + 4240, -h*t - x + 2804 = -600. What is the hundreds digit of t?
8
Let k = 743 + 1658. Suppose k - 6118 = -9*v. What is the units digit of v?
3
What is the tens digit of 224905/50 - 22/220?
9
Let q(d) = 2*d - 15*d - 5 + 19. Suppose -5*r + 85 = -5*t, 0 = t - 4*t + 2*r - 51. What is the hundreds digit of q(t)?
2
Let f = -3963 - -4681. What is the units digit of f?
8
Suppose -966*q - 57123 = -969*q. What is the units digit of q?
1
Let m(o) = -o**3 + 12*o**2 + 15*o - 18. Let d be m(13). Suppose -7*y + d*y + 2*c = 289, 296 = y - 5*c. What is the units digit of y?
1
Let k(r) = 110*r**2 - 54*r + 2383. What is the thousands digit of k(27)?
1
Let x(j) = 2*j**2 - 26*j + 4. Let c(q) = 4*q**2 - 52*q + 8. Let a(o) = 2*c(o) - 5*x(o). What is the tens digit of a(7)?
8
What is the hundreds digit of 6/20 + 3332049/70 - -1?
6
Suppose 0 = -6*x - 18*x + 526272. What is the ten thousands digit of x?
2
Let y(g) = -244*g**2 + 32*g + 28. Let l(r) = r**2 + 4*r + 1. Let j(i) = 4*l(i) - y(i). What is the hundreds digit of j(-2)?
0
Let u(f) = 17*f + 6. Suppose 0 = 5*v - m - 23, -3*v + 8*v + 5*m = 5. Let t be u(v). Let o = 112 - t. What is the tens digit of o?
3
Let z = 112713 + -41373. What is the ten thousands digit of z?
7
Let s(y) = 210*y**3 + 6*y**2 + y + 6. Let p be s(-2). Let r = p - -2803. What is the hundreds digit of r?
1
What is the hundreds digit of (-16)/(-10) + -1 - 48235617/(-1405)?
3
Let h(g) be the second derivative of -5*g**4/12 - g**3/3 - 11*g**2/2 + 10*g. Let u(v) be the first derivative of h(v). What is the tens digit of u(-4)?
3
Let z = 4 + -3. Suppose 0 = 5*s - 16 + z. Suppose 3*q = -2*n + 517, 0*q = s*q + n - 518. What is the tens digit of q?
7
Let f = 2021 - -2180. What is the tens digit of f?
0
Suppose -5*u + c = 3*c - 28, -3*u + c + 19 = 0. Suppose -u*z = 8*z - 2310. What is the hundreds digit of z?
1
Let i(a) = 55*a + 1. Let n(h) = -6 - 11 + 22 - 8 - 5*h. Let u be n(-1). What is the hundreds digit of i(u)?
1
Suppose 0 = -11*g + 5*g - 6. What is the tens digit of (-180)/(-45) + g + 68?
7
Let j = -241 - 45. Let w = 512 + j. What is the tens digit of w?
2
Suppose 0 = 27*o - 130181 - 287266. What is the units digit of o?
1
Let f be 135/18*(-36)/30. Wh